-2021220112121
Convert 142127 (base 15) to base 8.
3544267
-1057407 (base 8) to base 11
-186259
-5520440 (base 9) to base 7
-34132014
Convert -2030055 (base 6) to base 14.
-27615
Convert -19635 (base 15) to base 5.
-10114100
What is 593586 (base 14) in base 6?
145125254
-530147 (base 11) to base 12
-34b632
Convert 14d6d6 (base 15) to base 3.
1220011202110
Convert 196b05 (base 16) to base 8.
6265405
Convert -1230331233 (base 4) to base 11.
-285365
What is -1712117 (base 12) in base 5?
-2204032123
What is -207008 (base 9) in base 7?
-1022132
What is -3042313040 (base 5) in base 2?
-10111101100111110010000
What is -46826 (base 13) in base 11?
-88860
What is 602449 (base 10) in base 16?
93151
-1a46c11 (base 13) to base 12
-2aa0a9b
Convert -664543 (base 9) to base 2.
-1100000111011011100
-53005 (base 8) to base 16
-5605
-62052 (base 14) to base 6
-5020504
132079 (base 15) to base 9
1648366
-3139056 (base 10) to base 13
-85ba3b
What is -235545 (base 14) in base 15?
-18c372
What is -40356631 (base 7) in base 15?
-4653b7
What is 101011011111010000010 (base 2) in base 5?
331100101
10101100101011000111 (base 2) to base 13
1b9c06
Convert -22022120220011 (base 3) to base 2.
-10000110111001111100011
What is 2000110120 (base 3) in base 14?
10681
40615457 (base 8) to base 4
200301230233
Convert 163776 (base 9) to base 4.
120231312
What is -32064360 (base 7) in base 14?
-50bd30
322545 (base 6) to base 3
1100102202
-9336b5 (base 12) to base 6
-121244345
Convert 4260434 (base 8) to base 10.
1138972
Convert -193714 (base 11) to base 13.
-a5651
Convert -3010000231 (base 4) to base 7.
-6552463
Convert -2764635 (base 8) to base 16.
-be99d
4060411 (base 8) to base 2
100000110000100001001
11ddb5 (base 14) to base 12
257823
What is -2900b43 (base 13) in base 2?
-110001100101001000110001
What is 13265a (base 11) in base 10?
208427
Convert 3d90 (base 14) to base 12.
638a
Convert -222121101 (base 4) to base 5.
-21024044
Convert 11001011111111101 (base 2) to base 11.
71520
-767103 (base 15) to base 3
-101121201001110
What is -73154 (base 13) in base 6?
-4233112
Convert 11111212021 (base 3) to base 16.
15b05
-1440068 (base 9) to base 3
-1111100002022
Convert 1022211210120 (base 3) to base 5.
140034100
Convert -2301432 (base 6) to base 4.
-130210130
Convert -4435113 (base 7) to base 9.
-1023056
Convert 73726 (base 11) to base 10.
107355
Convert -a4068 (base 11) to base 5.
-14324213
-86534 (base 9) to base 14
-16c4a
What is 102110201012211 (base 3) in base 4?
113100102313
5424110 (base 7) to base 5
132133303
What is -2211120000 (base 3) in base 11?
-38a26
Convert 4102408 (base 10) to base 13.
b0837b
What is -121100022000022 (base 3) in base 16?
-8489db
1102243211 (base 5) to base 8
11060465
1101124 (base 5) to base 11
13235
135b3 (base 12) to base 16
6897
What is -115322064 (base 7) in base 15?
-97ce99
What is -8fbbc (base 16) in base 14?
-1147a4
What is 4cb79 (base 16) in base 12?
131a21
21133000320 (base 4) to base 2
1001011111000000111000
What is -5624552 (base 7) in base 9?
-1270085
-11000001111010111 (base 2) to base 6
-2043355
-5087 (base 13) to base 12
-6508
What is 102454244 (base 7) in base 10?
6080834
Convert 3774325 (base 8) to base 9.
1864765
-12e31d (base 16) to base 7
-13343500
Convert -95759 (base 13) to base 15.
-54bcb
Convert -11111011111100100111 (base 2) to base 16.
-fbf27
Convert -40144220 (base 5) to base 7.
-2465053
What is 41402177 (base 8) in base 2?
100001100000010001111111
-374850 (base 13) to base 3
-2111021012110
-111001100111010 (base 2) to base 12
-150a2
Convert -6ee68c (base 16) to base 13.
-16761a5
5191860 (base 11) to base 12
3094a52
-35134646 (base 7) to base 3
-12210201020212
-66065452 (base 7) to base 8
-25465422
Convert -1117662 (base 9) to base 12.
-250948
2133242 (base 9) to base 3
2011010021102
300d1 (base 14) to base 4
130023213
What is -21121201100 (base 3) in base 14?
-3c91d
What is 131403335 (base 6) in base 10?
2597963
What is -460641 (base 12) in base 14?
-21258d
What is -101101012211002 (base 3) in base 14?
-a3802d
90a7 (base 15) to base 7
155005
Convert -95876 (base 11) to base 12.
-6886b
What is -1a782a (base 14) in base 7?
-11004453
What is -1f756d (base 16) in base 3?
-10212202002102
What is -1141675 (base 12) in base 3?
-20020200210022
What is -20242607 (base 8) in base 16?
-414587
What is -35bb7 (base 14) in base 11?
-8a700
-23001200213 (base 4) to base 13
-7a242a
What is 8504a (base 11) in base 3?
20021212120
What is 3428117 (base 10) in base 8?
15047425
11210102002 (base 3) to base 16
17084
What is 100001001010101011 (base 2) in base 8?
411253
What is -174a1 (base 13) in base 5?
-2412442
10020011210 (base 3) to base 11
43825
3660030 (base 7) to base 8
1622370
-22023302220 (base 4) to base 8
-12136250
What is -13401766 (base 8) in base 2?
-1011100000001111110110
Convert -3333311 (base 5) to base 8.
-162325
Convert -22022203210 (base 4) to base 15.
-379801
7c4bb (base 14) to base 15
5eaae
Convert 137284 (base 10) to base 14.
38060
Convert 343756 (base 8) to base 7.
664200
What is 652019 (base 11) in base 16?
fe711
-ec27 (base 16) to base 7
-341153
What is -2334410 (base 7) in base 15?
-5c3d2
What is 951328 (base 12) in base 4?
20330212100
-297048 (base 13) to base 3
-1220120102100
What is 147058 (base 15) in base 11?
613535
594847 (base 11) to base 7
11006225
What is -1142614 (base 8) in base 15?
-629cb
What is -101023322011 (base 4) in base 7?
-53202520
Convert 1cacac (base 16) to base 4.
13022302230
Convert a9202 (base 13) to base 10.
305723
What is 10000011110111101000110 (base 2) in base 13?
b83a7b
What is 7398188 (base 10) in base 5?
3343220223
17dc5 (base 15) to base 7
441353
11362126 (base 8) to base 14
488db8
263b590 (base 14) to base 6
1455023522
What is 1169640 (base 10) in base 2?
100011101100011101000
121200101210 (base 3) to base 15
67446
699537 (base 11) to base 8
4171253
6825 (base 11) to base 4
2030111
Convert 30033443 (base 6) to base 5.
204011030
Convert -102130000 (base 4) to base 3.
-10211121001
13600a1 (base 11) to base 5
1044431141
What is -1110001111010001 (base 2) in base 7?
-332014
Convert -cbd4 (base 14) to base 6.
-431142
What is 1640465 (base 10) in base 8?
6204021
What is 3a1 (base 16) in base 4?
32201
What is -225514 (base 8) in base 15?
-17a80
What is -340154 (base 8) in base 9?
-184421
What is 52531113 (base 6) in base 10?
1536021
Convert 40301240 (base 5) to base 10.
322070
Convert 18238 (base 12) to base 10.
34892
What is 71a20 (base 15) in base 8?
1277136
Convert -1765053 (base 8) to base 2.
-1111110101000101011
What is 26347 (base 13) in base 2?
10001010011010110
What is -10de7d (base 16) in base 6?
-35410113
What is 153723 (base 8) in base 10?
55251
What is 5042320 (base 6) in base 4?
322112220
What is -30130 (base 10) in base 11?
-20701
-11100110101000011101 (base 2) to base 10
-944669
What is -848337 (base 9) in base 12?
-204121
What is 1002010112022 (base 3) in base 14?
10cd5a
Convert 552293 (base 11) to base 8.
3271472
What is 9b998 (base 16) in base 10?
637336
What is -1303421130 (base 5) in base 15?
-42de10
Convert -6326564 (base 7) to base 11.
-481670
What is 155cb8 (base 16) in base 12?
576220
What is 323032223 (base 4) in base 7?
2030204
-65b77 (base 13) to base 16
-2cff4
-16066315 (base 7) to base 12
-626864
What is -496679 (base 13) in base 3?
-10022020111012
What is -189c5 (base 15) in base 12?
-3a24b
49ed34 (base 16) to base 13
100829c
102102111112200 (base 3) to base 16
5ca7ad
What is 5dd6ed (base 16) in base 11?
3520540
-3067037 (base 9) to base 5
-404420301
Convert -2104442233 (base 5) to base 3.
-22020020221200
Convert -72988c (base 14) to base 15.
-51610d
1255010 (base 8) to base 10
350728
Convert 6a9917 (base 14) to base 8.
15700521
What is -32075b (base 12) in base 5?
-200222142
48552 (base 10) to base 12
24120
1101100010101000111 (base 2) to base 16
6c547
What is -10101100010111001 (base 2) in base 7?
-515200
What is -1030224412 (base 5) in base 11?
-126a657
50fab (base 16) to base 11
207228
What is 233003100 (base 4) in base 2?
101111000011010000
Convert 5503233 (base 6) to base 5.
32213101
What is -310100243 (base 5) in base 12?
-505292
Convert -40a42 (base 14) to base 12.
-76116
What is -caa9 (base 16) in base 3?
-2122011112
Convert 35133 (base 9) to base 14